{"id":1057,"date":"2024-06-30T20:25:25","date_gmt":"2024-06-30T20:25:25","guid":{"rendered":"https:\/\/www.ricorhp.com.br\/novosite\/?page_id=1057"},"modified":"2024-06-30T20:31:15","modified_gmt":"2024-06-30T20:31:15","slug":"tecnica-cirurgica-cirurgia-robotica","status":"publish","type":"page","link":"https:\/\/www.ricorhp.com.br\/novosite\/tecnica-cirurgica-cirurgia-robotica\/","title":{"rendered":"T\u00e9cnica Cir\u00fargica &#8211; Cirurgia Rob\u00f3tica"},"content":{"rendered":"\t\t<div data-elementor-type=\"wp-page\" data-elementor-id=\"1057\" class=\"elementor elementor-1057\" data-elementor-post-type=\"page\">\n\t\t\t\t<div class=\"elementor-element elementor-element-4968802 e-flex e-con-boxed e-con e-parent\" data-id=\"4968802\" data-element_type=\"container\" data-settings=\"{&quot;background_background&quot;:&quot;classic&quot;}\">\n\t\t\t\t\t<div class=\"e-con-inner\">\n\t\t<div class=\"elementor-element elementor-element-ccd2594 e-con-full e-flex e-con e-child\" data-id=\"ccd2594\" data-element_type=\"container\" data-settings=\"{&quot;background_background&quot;:&quot;classic&quot;}\">\n\t\t\t\t<div class=\"elementor-element elementor-element-7b31238 elementor-widget elementor-widget-heading\" data-id=\"7b31238\" data-element_type=\"widget\" data-widget_type=\"heading.default\">\n\t\t\t\t<div class=\"elementor-widget-container\">\n\t\t\t<h2 class=\"elementor-heading-title elementor-size-default\">T\u00e9cnica Cir\u00fargica<\/h2>\t\t<\/div>\n\t\t\t\t<\/div>\n\t\t\t\t<div class=\"elementor-element elementor-element-7259be2 elementor-widget elementor-widget-heading\" data-id=\"7259be2\" data-element_type=\"widget\" data-widget_type=\"heading.default\">\n\t\t\t\t<div class=\"elementor-widget-container\">\n\t\t\t<h2 class=\"elementor-heading-title elementor-size-default\">Cirurgia Rob\u00f3tica<\/h2>\t\t<\/div>\n\t\t\t\t<\/div>\n\t\t\t\t<div class=\"elementor-element elementor-element-009504c elementor-widget elementor-widget-text-editor\" data-id=\"009504c\" data-element_type=\"widget\" data-widget_type=\"text-editor.default\">\n\t\t\t\t<div class=\"elementor-widget-container\">\n\t\t\t\t\t\t\t<p><span style=\"font-weight: 400;\">Quando o assunto \u00e9 <\/span><b>cirurgia rob\u00f3tica<\/b><span style=\"font-weight: 400;\">, pode ter certeza: o Real Instituto de Cirurgia Oncol\u00f3gica (RICO) \u00e9 um dos servi\u00e7os especializados na t\u00e9cnica mais renomados de todo o pa\u00eds.\u00a0<\/span><\/p><p><span style=\"font-weight: 400;\">Somos o maior grupo de cirurgi\u00f5es rob\u00f3ticos oncol\u00f3gicos e digestivos do Nordeste. <\/span><b>Quase 100% da equipe RICO \u00e9 certificada e habilitada em cirurgia rob\u00f3tica<\/b><span style=\"font-weight: 400;\">. Realizamos desde as interven\u00e7\u00f5es mais simples at\u00e9 as mais complexas para o tratamento do c\u00e2ncer.<\/span><\/p>\t\t\t\t\t\t<\/div>\n\t\t\t\t<\/div>\n\t\t\t\t<\/div>\n\t\t<div class=\"elementor-element elementor-element-0de2bb1 e-con-full e-flex e-con e-child\" data-id=\"0de2bb1\" data-element_type=\"container\">\n\t\t\t\t<div class=\"elementor-element elementor-element-e0f5b2d elementor-widget elementor-widget-image\" data-id=\"e0f5b2d\" data-element_type=\"widget\" data-widget_type=\"image.default\">\n\t\t\t\t<div class=\"elementor-widget-container\">\n\t\t\t\t\t\t\t\t\t\t\t\t\t<img decoding=\"async\" src=\"https:\/\/www.ricorhp.com.br\/novosite\/wp-content\/plugins\/elementor\/assets\/images\/placeholder.png\" title=\"\" alt=\"\" loading=\"lazy\" \/>\t\t\t\t\t\t\t\t\t\t\t\t\t<\/div>\n\t\t\t\t<\/div>\n\t\t\t\t<\/div>\n\t\t\t\t\t<\/div>\n\t\t\t\t<\/div>\n\t\t<div class=\"elementor-element elementor-element-b832bd7 e-flex e-con-boxed e-con e-parent\" data-id=\"b832bd7\" data-element_type=\"container\">\n\t\t\t\t\t<div class=\"e-con-inner\">\n\t\t\t\t<div class=\"elementor-element elementor-element-5133089 elementor-widget elementor-widget-text-editor\" data-id=\"5133089\" data-element_type=\"widget\" data-widget_type=\"text-editor.default\">\n\t\t\t\t<div class=\"elementor-widget-container\">\n\t\t\t\t\t\t\t<p><span style=\"font-weight: 400;\">Tamb\u00e9m estamos entre os membros da comiss\u00e3o organizadora e docente do Programa de Cirurgia Rob\u00f3tica do Real Hospital Portugu\u00eas, promovido em parceria com o Ifalke. Iniciado em 2019, o projeto colocou \u00e0 disposi\u00e7\u00e3o da equipe m\u00e9dica e pacientes o Sistema Rob\u00f3tico Da Vinci Xi HD, o rob\u00f4 mais moderno do mundo em funcionamento. Nossa infraestrutura de ponta foi, inclusive, a primeira a ser usada no Norte-Nordeste.\u00a0<\/span><\/p><p><span style=\"font-weight: 400;\">O Programa abrange as mais diversas \u00e1reas da cirurgia: urologia, cirurgia bari\u00e1trica, oncol\u00f3gica, geral e tor\u00e1cica, coloproctologia e ginecologia, com perspectiva de expans\u00e3o para outras especialidades cir\u00fargicas.\u00a0<\/span><\/p><p><span style=\"font-weight: 400;\">A expertise e capacita\u00e7\u00e3o t\u00e9cnica dos nossos cirurgi\u00f5es faz com que o Programa de Cirurgia Rob\u00f3tica do RHP seja um dos mais procurados entre os especialistas interessados na t\u00e9cnica. Recentemente formamos nosso 150\u00ba aluno no curso de certifica\u00e7\u00e3o em cirurgia rob\u00f3tica Ifalke\/RHP. Uma conquista que comprova nossa miss\u00e3o em treinar cirurgi\u00f5es para utilizar essa tecnologia inovadora que tem transformado vidas.<\/span><\/p>\t\t\t\t\t\t<\/div>\n\t\t\t\t<\/div>\n\t\t\t\t<div class=\"elementor-element elementor-element-b0479e7 elementor-widget elementor-widget-spacer\" data-id=\"b0479e7\" data-element_type=\"widget\" data-widget_type=\"spacer.default\">\n\t\t\t\t<div class=\"elementor-widget-container\">\n\t\t\t\t\t<div class=\"elementor-spacer\">\n\t\t\t<div class=\"elementor-spacer-inner\"><\/div>\n\t\t<\/div>\n\t\t\t\t<\/div>\n\t\t\t\t<\/div>\n\t\t\t\t<div class=\"elementor-element elementor-element-ee73316 elementor-widget elementor-widget-heading\" data-id=\"ee73316\" data-element_type=\"widget\" data-widget_type=\"heading.default\">\n\t\t\t\t<div class=\"elementor-widget-container\">\n\t\t\t<h2 class=\"elementor-heading-title elementor-size-default\">E o que \u00e9 a cirurgia rob\u00f3tica? Como funciona? Quais as vantagens? <\/h2>\t\t<\/div>\n\t\t\t\t<\/div>\n\t\t\t\t<div class=\"elementor-element elementor-element-8022fac elementor-widget elementor-widget-text-editor\" data-id=\"8022fac\" data-element_type=\"widget\" data-widget_type=\"text-editor.default\">\n\t\t\t\t<div class=\"elementor-widget-container\">\n\t\t\t\t\t\t\t<p><span style=\"font-weight: 400;\">A cirurgia rob\u00f3tica \u00e9 uma opera\u00e7\u00e3o assistida por rob\u00f4s. Neste tipo de opera\u00e7\u00e3o, considerada uma t\u00e9cnica minimamente invasiva, todas as manobras realizadas pelo cirurgi\u00e3o s\u00e3o executadas por meio de um rob\u00f4.\u00a0<\/span><\/p><p><span style=\"font-weight: 400;\">O cirurgi\u00e3o opera o paciente numa esp\u00e9cie de console, controlando os movimentos por meio de controles, como os usados em jogos de videogame. A m\u00e1quina faz um filtro dos movimentos humanos, diminuindo poss\u00edveis tremores e otimizando a precis\u00e3o das incis\u00f5es realizadas. O console, por sua vez, \u00e9 conectado aos bra\u00e7os do rob\u00f4, que est\u00e3o devidamente acoplados \u00e0 maca onde est\u00e1 deitado o paciente.\u00a0<\/span><\/p><p><span style=\"font-weight: 400;\">Quando bem indicada e realizada por um especialista habilitado e experiente na \u00e1rea, a cirurgia rob\u00f3tica traz uma s\u00e9rie de benef\u00edcios tanto para o paciente quanto para o pr\u00f3prio cirurgi\u00e3o.<\/span><\/p><p><span style=\"font-weight: 400;\">Para o paciente, <\/span><b>a cirurgia assistida por rob\u00f4s reduz a perda de sangue e o risco de complica\u00e7\u00f5es<\/b><span style=\"font-weight: 400;\">. Tamb\u00e9m <\/span><b>causa menos dor no p\u00f3s-operat\u00f3rio<\/b><span style=\"font-weight: 400;\">, j\u00e1 que as incis\u00f5es feitas s\u00e3o menores, e proporciona uma <\/span><b>recupera\u00e7\u00e3o mais r\u00e1pida<\/b><span style=\"font-weight: 400;\">.\u00a0<\/span><\/p><p><span style=\"font-weight: 400;\">J\u00e1 para o cirurgi\u00e3o, o procedimento permite uma atua\u00e7\u00e3o mais precisa e segura, j\u00e1 que o sistema de alta tecnologia oferece imagens da \u00e1rea operada em 3D (tr\u00eas dimens\u00f5es), o que proporciona uma melhor visualiza\u00e7\u00e3o da regi\u00e3o e manuseio mais eficaz dos instrumentos. Al\u00e9m disso, o m\u00e9dico consegue operar numa posi\u00e7\u00e3o mais confort\u00e1vel.<\/span><\/p>\t\t\t\t\t\t<\/div>\n\t\t\t\t<\/div>\n\t\t\t\t<div class=\"elementor-element elementor-element-d5e4107 elementor-widget elementor-widget-spacer\" data-id=\"d5e4107\" data-element_type=\"widget\" data-widget_type=\"spacer.default\">\n\t\t\t\t<div class=\"elementor-widget-container\">\n\t\t\t\t\t<div class=\"elementor-spacer\">\n\t\t\t<div class=\"elementor-spacer-inner\"><\/div>\n\t\t<\/div>\n\t\t\t\t<\/div>\n\t\t\t\t<\/div>\n\t\t\t\t<div class=\"elementor-element elementor-element-02dc6a0 elementor-widget elementor-widget-heading\" data-id=\"02dc6a0\" data-element_type=\"widget\" data-widget_type=\"heading.default\">\n\t\t\t\t<div class=\"elementor-widget-container\">\n\t\t\t<h2 class=\"elementor-heading-title elementor-size-default\">E quando a cirurgia rob\u00f3tica n\u00e3o \u00e9 indicada? \n<\/h2>\t\t<\/div>\n\t\t\t\t<\/div>\n\t\t\t\t<div class=\"elementor-element elementor-element-ef15455 elementor-widget elementor-widget-text-editor\" data-id=\"ef15455\" data-element_type=\"widget\" data-widget_type=\"text-editor.default\">\n\t\t\t\t<div class=\"elementor-widget-container\">\n\t\t\t\t\t\t\t<p><span style=\"font-weight: 400;\">Embora tenha muitas vantagens e seja considerada uma das t\u00e9cnicas mais modernas da atualidade, a cirurgia rob\u00f3tica pode n\u00e3o ser recomendada em alguns casos de c\u00e2ncer. Os motivos s\u00e3o v\u00e1rios. Confira alguns:<\/span><\/p><p><span style=\"font-weight: 400;\">1\ufe0f\u20e3 <\/span><b>Localiza\u00e7\u00e3o e\/ou tamanho do tumor:<\/b><span style=\"font-weight: 400;\"> alguns c\u00e2nceres est\u00e3o situados em \u00e1reas dif\u00edceis de alcan\u00e7ar com o uso de rob\u00f4s cir\u00fargicos. Tumores muito grandes tamb\u00e9m podem ser desafiadores de remover completamente com a rob\u00f3tica por causa do tamanho dos cortes poss\u00edveis e do espa\u00e7o de trabalho dispon\u00edvel para o rob\u00f4;<\/span><\/p><p><span style=\"font-weight: 400;\">2\ufe0f\u20e3 <\/span><b>Met\u00e1stase:<\/b><span style=\"font-weight: 400;\"> quando o c\u00e2ncer se espalha para outras regi\u00f5es do corpo, a cirurgia rob\u00f3tica nem sempre \u00e9 a melhor op\u00e7\u00e3o. O tratamento dessas neoplasias geralmente envolve uma combina\u00e7\u00e3o de terapias, como outros tipos de cirurgia, al\u00e9m da quimioterapia e a radioterapia;<\/span><\/p><p><span style=\"font-weight: 400;\">3\ufe0f\u20e3 <\/span><b>Tipo de c\u00e2ncer:<\/b><span style=\"font-weight: 400;\"> alguns tipos de tumores respondem melhor a tratamentos n\u00e3o cir\u00fargicos, como terapias-alvo ou imunoterapia;<\/span><\/p><p><span style=\"font-weight: 400;\">4\ufe0f\u20e3 <\/span><b>Quadro cl\u00ednico do paciente:<\/b><span style=\"font-weight: 400;\"> algumas pessoas podem n\u00e3o ter recomenda\u00e7\u00e3o para cirurgias, inclusive as minimamentes invasivas, por causa de condi\u00e7\u00f5es de sa\u00fade subjacentes que podem agravar;<\/span><\/p><p><span style=\"font-weight: 400;\">5\ufe0f\u20e3 <\/span><b>Experi\u00eancia e disponibilidade: <\/b><span style=\"font-weight: 400;\">nem todos os servi\u00e7os de sa\u00fade contam com uma equipe treinada e capacitada em cirurgia rob\u00f3tica. O time do Real Instituto de Cirurgia Oncol\u00f3gica (RICO), por sua vez, \u00e9 formado quase que totalmente por cirurgi\u00f5es rob\u00f3ticos experts.<\/span><\/p><p><span style=\"font-weight: 400;\">Cada caso deve ser discutido detalhadamente com a equipe multiprofissional que acompanha o paciente para determinar o melhor tratamento dispon\u00edvel.<\/span><\/p><p><span style=\"font-weight: 400;\">Importante destacar que n\u00e3o \u00e9 qualquer cirurgi\u00e3o que pode fazer uma cirurgia rob\u00f3tica. A t\u00e9cnica s\u00f3 pode ser realizada por especialistas habilitados e com certifica\u00e7\u00e3o reconhecida pelos \u00f3rg\u00e3os oficiais. O Conselho Federal de Medicina (CFM) regulamentou, em 2022, este tipo de procedimento no pa\u00eds. A Resolu\u00e7\u00e3o n\u00ba 2311\/2022 estabelece diversas diretrizes, como crit\u00e9rios para a realiza\u00e7\u00e3o da cirurgia e as compet\u00eancias exigidas do cirurgi\u00e3o.<\/span><\/p>\t\t\t\t\t\t<\/div>\n\t\t\t\t<\/div>\n\t\t\t\t\t<\/div>\n\t\t\t\t<\/div>\n\t\t\t\t<\/div>\n\t\t","protected":false},"excerpt":{"rendered":"<p>T\u00e9cnica Cir\u00fargica Cirurgia Rob\u00f3tica Quando o assunto \u00e9 cirurgia rob\u00f3tica, pode ter certeza: o Real Instituto de Cirurgia Oncol\u00f3gica (RICO) \u00e9 um dos servi\u00e7os especializados na t\u00e9cnica mais renomados de todo o pa\u00eds.\u00a0 Somos o maior grupo de cirurgi\u00f5es rob\u00f3ticos oncol\u00f3gicos e digestivos do Nordeste. Quase 100% da equipe RICO \u00e9 certificada e habilitada em [&hellip;]<\/p>\n","protected":false},"author":1,"featured_media":0,"parent":0,"menu_order":0,"comment_status":"closed","ping_status":"closed","template":"elementor_header_footer","meta":{"footnotes":""},"class_list":["post-1057","page","type-page","status-publish","hentry"],"_links":{"self":[{"href":"https:\/\/www.ricorhp.com.br\/novosite\/wp-json\/wp\/v2\/pages\/1057","targetHints":{"allow":["GET"]}}],"collection":[{"href":"https:\/\/www.ricorhp.com.br\/novosite\/wp-json\/wp\/v2\/pages"}],"about":[{"href":"https:\/\/www.ricorhp.com.br\/novosite\/wp-json\/wp\/v2\/types\/page"}],"author":[{"embeddable":true,"href":"https:\/\/www.ricorhp.com.br\/novosite\/wp-json\/wp\/v2\/users\/1"}],"replies":[{"embeddable":true,"href":"https:\/\/www.ricorhp.com.br\/novosite\/wp-json\/wp\/v2\/comments?post=1057"}],"version-history":[{"count":7,"href":"https:\/\/www.ricorhp.com.br\/novosite\/wp-json\/wp\/v2\/pages\/1057\/revisions"}],"predecessor-version":[{"id":1064,"href":"https:\/\/www.ricorhp.com.br\/novosite\/wp-json\/wp\/v2\/pages\/1057\/revisions\/1064"}],"wp:attachment":[{"href":"https:\/\/www.ricorhp.com.br\/novosite\/wp-json\/wp\/v2\/media?parent=1057"}],"curies":[{"name":"wp","href":"https:\/\/api.w.org\/{rel}","templated":true}]}}