{"id":1042,"date":"2024-06-25T14:09:46","date_gmt":"2024-06-25T14:09:46","guid":{"rendered":"https:\/\/www.ricorhp.com.br\/novosite\/?page_id=1042"},"modified":"2024-06-30T21:55:41","modified_gmt":"2024-06-30T21:55:41","slug":"dicas-importantes-razoes-para-deixar-de-fumar","status":"publish","type":"page","link":"https:\/\/www.ricorhp.com.br\/novosite\/dicas-importantes-razoes-para-deixar-de-fumar\/","title":{"rendered":"Dicas Importantes &#8211; Raz\u00f5es para deixar de fumar"},"content":{"rendered":"\t\t<div data-elementor-type=\"wp-page\" data-elementor-id=\"1042\" class=\"elementor elementor-1042\" data-elementor-post-type=\"page\">\n\t\t\t\t<div class=\"elementor-element elementor-element-4968802 e-flex e-con-boxed e-con e-parent\" data-id=\"4968802\" data-element_type=\"container\" data-settings=\"{&quot;background_background&quot;:&quot;classic&quot;}\">\n\t\t\t\t\t<div class=\"e-con-inner\">\n\t\t<div class=\"elementor-element elementor-element-ccd2594 e-con-full e-flex e-con e-child\" data-id=\"ccd2594\" data-element_type=\"container\" data-settings=\"{&quot;background_background&quot;:&quot;classic&quot;}\">\n\t\t\t\t<div class=\"elementor-element elementor-element-7b31238 elementor-widget elementor-widget-heading\" data-id=\"7b31238\" data-element_type=\"widget\" data-widget_type=\"heading.default\">\n\t\t\t\t<div class=\"elementor-widget-container\">\n\t\t\t<h2 class=\"elementor-heading-title elementor-size-default\">Dicas Importantes<\/h2>\t\t<\/div>\n\t\t\t\t<\/div>\n\t\t\t\t<div class=\"elementor-element elementor-element-7259be2 elementor-widget elementor-widget-heading\" data-id=\"7259be2\" data-element_type=\"widget\" data-widget_type=\"heading.default\">\n\t\t\t\t<div class=\"elementor-widget-container\">\n\t\t\t<h2 class=\"elementor-heading-title elementor-size-default\">Raz\u00f5es para deixar de fumar\n<\/h2>\t\t<\/div>\n\t\t\t\t<\/div>\n\t\t\t\t<div class=\"elementor-element elementor-element-302b0f4 elementor-widget elementor-widget-text-editor\" data-id=\"302b0f4\" data-element_type=\"widget\" data-widget_type=\"text-editor.default\">\n\t\t\t\t<div class=\"elementor-widget-container\">\n\t\t\t\t\t\t\t<p><span style=\"font-weight: 400;\">Os estudos feitos ao longo das \u00faltimas d\u00e9cadas t\u00eam demonstrado cada vez mais os in\u00fameros benef\u00edcios de parar de fumar. As vantagens n\u00e3o est\u00e3o relacionadas apenas \u00e0 nossa sa\u00fade. A quest\u00e3o financeira tamb\u00e9m \u00e9 impactada positivamente quando largamos esse v\u00edcio.\u00a0<\/span><\/p><p><span style=\"font-weight: 400;\">Embora seja melhor parar o mais cedo poss\u00edvel, parar de fumar em qualquer idade certamente levar\u00e1 a melhoras expressivas na nossa sa\u00fade e qualidade de vida no geral. <\/span><\/p>\t\t\t\t\t\t<\/div>\n\t\t\t\t<\/div>\n\t\t\t\t<\/div>\n\t\t<div class=\"elementor-element elementor-element-0de2bb1 e-con-full e-flex e-con e-child\" data-id=\"0de2bb1\" data-element_type=\"container\">\n\t\t\t\t<div class=\"elementor-element elementor-element-e0f5b2d elementor-widget elementor-widget-image\" data-id=\"e0f5b2d\" data-element_type=\"widget\" data-widget_type=\"image.default\">\n\t\t\t\t<div class=\"elementor-widget-container\">\n\t\t\t\t\t\t\t\t\t\t\t\t\t<img decoding=\"async\" src=\"https:\/\/www.ricorhp.com.br\/novosite\/wp-content\/plugins\/elementor\/assets\/images\/placeholder.png\" title=\"\" alt=\"\" loading=\"lazy\" \/>\t\t\t\t\t\t\t\t\t\t\t\t\t<\/div>\n\t\t\t\t<\/div>\n\t\t\t\t<\/div>\n\t\t\t\t\t<\/div>\n\t\t\t\t<\/div>\n\t\t<div class=\"elementor-element elementor-element-5de82b0 e-flex e-con-boxed e-con e-parent\" data-id=\"5de82b0\" data-element_type=\"container\">\n\t\t\t\t\t<div class=\"e-con-inner\">\n\t\t\t\t<div class=\"elementor-element elementor-element-0951fa5 elementor-widget elementor-widget-text-editor\" data-id=\"0951fa5\" data-element_type=\"widget\" data-widget_type=\"text-editor.default\">\n\t\t\t\t<div class=\"elementor-widget-container\">\n\t\t\t\t\t\t\t<p><b>Parar de fumar far\u00e1 voc\u00ea parecer, sentir-se e ser, de fato, mais saud\u00e1vel<\/b><\/p><ul><li><span style=\"font-weight: 400;\"> O uso do tabaco causa doen\u00e7as e incapacidades e prejudica quase todos os \u00f3rg\u00e3os do<\/span><\/li><\/ul><p><span style=\"font-weight: 400;\">corpo.<\/span><\/p><ul><li><span style=\"font-weight: 400;\"> O tabagismo \u00e9 a principal causa de morte evit\u00e1vel.<\/span><\/li><li><span style=\"font-weight: 400;\"> O fumo passivo \u00e9 perigoso e pode prejudicar a sa\u00fade de seus amigos e fam\u00edlia.<br \/><br \/><\/span><\/li><\/ul><p><b>Deixar de fumar tamb\u00e9m pode ajud\u00e1-lo a economizar dinheiro<\/b><\/p><ul><li><span style=\"font-weight: 400;\"> Os cigarros e outros produtos do tabaco s\u00e3o consideravelmente caros.<\/span><\/li><li><span style=\"font-weight: 400;\"> O risco de contrair resfriados e outros problemas respirat\u00f3rios \u00e9 menor, o que significa menos consultas m\u00e9dicas, menos dinheiro gasto em medicamentos e menos dias de licen\u00e7a m\u00e9dica.<\/span><\/li><li><span style=\"font-weight: 400;\"> A limpeza e os reparos dom\u00e9sticos custar\u00e3o menos, j\u00e1 que roupas, m\u00f3veis, cortinas e o carro, por exemplo, n\u00e3o ter\u00e3o cheiro constante de tabaco.<br \/><br \/><\/span><\/li><\/ul><p><b>Parar pode melhorar a autoconfian\u00e7a e levar a um estilo de vida melhor<\/b><\/p><ul><li><span style=\"font-weight: 400;\"> N\u00e3o consumir produtos de tabaco ajuda a manter a sua fam\u00edlia segura.<\/span><\/li><li><span style=\"font-weight: 400;\"> Voc\u00ea ter\u00e1 mais energia, o que o ajudar\u00e1 a ter mais qualidade em fam\u00edlia e tempo de lazer.<\/span><\/li><li><span style=\"font-weight: 400;\"> Parar de fumar pode ser um bom exemplo para outras pessoas que precisam de ajuda para deixar de fumar.<\/span><\/li><li><span style=\"font-weight: 400;\"> Os outros ficar\u00e3o orgulhosos do seu progresso e da sua for\u00e7a de vontade para cessar com o tabagismo e permanecer livre desse h\u00e1bito nocivo.<br \/><br \/><\/span><\/li><\/ul><p><em><span style=\"font-weight: 400;\">Fonte: American Cancer Society<\/span><\/em><\/p>\t\t\t\t\t\t<\/div>\n\t\t\t\t<\/div>\n\t\t\t\t\t<\/div>\n\t\t\t\t<\/div>\n\t\t\t\t<\/div>\n\t\t","protected":false},"excerpt":{"rendered":"<p>Dicas Importantes Raz\u00f5es para deixar de fumar Os estudos feitos ao longo das \u00faltimas d\u00e9cadas t\u00eam demonstrado cada vez mais os in\u00fameros benef\u00edcios de parar de fumar. As vantagens n\u00e3o est\u00e3o relacionadas apenas \u00e0 nossa sa\u00fade. A quest\u00e3o financeira tamb\u00e9m \u00e9 impactada positivamente quando largamos esse v\u00edcio.\u00a0 Embora seja melhor parar o mais cedo poss\u00edvel, [&hellip;]<\/p>\n","protected":false},"author":1,"featured_media":0,"parent":0,"menu_order":0,"comment_status":"closed","ping_status":"closed","template":"elementor_header_footer","meta":{"footnotes":""},"class_list":["post-1042","page","type-page","status-publish","hentry"],"_links":{"self":[{"href":"https:\/\/www.ricorhp.com.br\/novosite\/wp-json\/wp\/v2\/pages\/1042","targetHints":{"allow":["GET"]}}],"collection":[{"href":"https:\/\/www.ricorhp.com.br\/novosite\/wp-json\/wp\/v2\/pages"}],"about":[{"href":"https:\/\/www.ricorhp.com.br\/novosite\/wp-json\/wp\/v2\/types\/page"}],"author":[{"embeddable":true,"href":"https:\/\/www.ricorhp.com.br\/novosite\/wp-json\/wp\/v2\/users\/1"}],"replies":[{"embeddable":true,"href":"https:\/\/www.ricorhp.com.br\/novosite\/wp-json\/wp\/v2\/comments?post=1042"}],"version-history":[{"count":8,"href":"https:\/\/www.ricorhp.com.br\/novosite\/wp-json\/wp\/v2\/pages\/1042\/revisions"}],"predecessor-version":[{"id":1096,"href":"https:\/\/www.ricorhp.com.br\/novosite\/wp-json\/wp\/v2\/pages\/1042\/revisions\/1096"}],"wp:attachment":[{"href":"https:\/\/www.ricorhp.com.br\/novosite\/wp-json\/wp\/v2\/media?parent=1042"}],"curies":[{"name":"wp","href":"https:\/\/api.w.org\/{rel}","templated":true}]}}